11. Let c(h) = 5 - 6*h - 196*h**2 + 197*h**2 + 0*h. Calculate c(y).
5
Let c be -2*1 - (-5 - -5). Let k be c/(3 - 22/6). Let u(j) = j**3 - 5*j**2 + 5*j - 3. What is u(k)?
-6
Let s(u) = -u**3 + u**2 - 3*u + 2. Let t be 2*6/(3 - -3). What is s(t)?
-8
Let c(u) = -u - 7. Suppose 0*d - 10 = 2*d. Let t be 2/(-1)*(-3 - d). Calculate c(t).
-3
Let s(x) = x + 4. Let p be s(0). Let z = p - 1. Let o(d) = 4*d**2 - 3*d - 7*d**2 + 0 - 3 - d**z. Calculate o(-3).
6
Let c(l) be the second derivative of -l**3/3 - l**2/2 - 3*l. Give c(6).
-13
Let u(l) = 3*l + 3. Suppose -12 = -t - 3*d, -4*t = t + 5*d - 30. Suppose 4*g - t*g = -3. Give u(g).
-6
Let w(c) be the first derivative of 2*c**3/3 - 7*c**2/2 + 4*c + 1. Suppose 3*i = 4*i + 3*y - 13, -4*i = 2*y - 22. What is w(i)?
8
Let b(l) be the second derivative of -3*l**5/5 + l**3/3 + l**2/2 - 4*l. Give b(-1).
11
Let q(w) = -2*w**3 + 1 + 5*w**3 - w**2 + w**2. Let x(z) = 6*z**3 + 2. Let t(m) = -7*q(m) + 4*x(m). Give t(-1).
-2
Let p(n) = -n**3 + 4*n**2 + 6*n - 5. Let s(q) = -q**2 - q + 1. Let g(v) = v**2 - 2*v - 2. Let o(a) = -g(a) - 2*s(a). Let r be o(-5). Give p(r).
0
Suppose 3*z = 3*f + 84, -3*z = 3*f + f - 56. Let d = -19 + z. Let n(s) = s**3 - 6*s**2 + 5*s - 7. Determine n(d).
-7
Let o(c) be the third derivative of 5/24*c**4 + 0 + 0*c + 2*c**2 - 1/60*c**5 + c**3. Let y(k) = 5*k - 4. Let x be y(2). Determine o(x).
0
Let n(o) = o**2 + 3*o + 3. Let b be n(-2). Suppose 2*p + 2*p + 16 = 0, -4*s - 5*p = 8. Let x(y) = -3*y**3 - y**3 - 4*y**s. Determine x(b).
-8
Let l(r) = -2*r**3 - 6*r**2 + r - 2. Let a(p) = 2*p**3 + 5*p**2 + 1. Let w(h) = 3*a(h) + 2*l(h). Let x = 3 + -5. What is w(x)?
-9
Suppose 4*n - 29 - 7 = 0. Let o(i) = 4 + n*i - 1 + 2 - 4. What is o(1)?
10
Let w(t) = -3*t**2 + 1. Let a(i) = i**3 - i**2 - 3*i - 3. Let q be a(3). Let n = q - 5. What is w(n)?
-2
Let g(u) = 2*u**3 - 5*u**2 - 40*u + 5 + 36*u + 5*u**3. Let j(r) = 4*r**2 + 6*r + 3*r**2 - 3 - 11*r**3 - 4. Let q(d) = 8*g(d) + 5*j(d). Give q(5).
-5
Let z(k) be the first derivative of -5*k**4/12 - k**3/6 + 5*k**2/2 + 9. Let h(d) be the second derivative of z(d). Suppose 1 = -2*c + c. Calculate h(c).
9
Suppose -j + p = -4*p + 5, 3 = 4*j + 3*p. Let f(s) = -3 + j - s**2 + 5*s - s. What is f(4)?
-3
Let u be 2/(-8) + (-3)/(-12). Suppose u = -2*s + 8, 5*n = -s - 3*s - 9. Let m(p) = 3 + 0*p - p - 5*p**2 + 0*p - p**3. Give m(n).
8
Let o(g) = 2*g**3 - 15*g**2 + 6*g + 5. Let s(v) = v**3 - 8*v**2 + 3*v + 3. Let x(y) = 3*o(y) - 5*s(y). Let i be ((-8)/3)/(14/(-21)). Determine x(i).
-4
Let u(v) = -v**3 + v**2 + 6*v - 12. Let f(g) = -g + 1. Let a(k) = 6*f(k) + u(k). What is a(0)?
-6
Let s = -1 + 2. Let v be s*(0 - (4 - 2)). Let o = v - -4. Let x(f) = f + 2. Calculate x(o).
4
Let q be (8/(-60))/(-8*1/10). Let i(h) be the second derivative of -1/2*h**2 + 1/10*h**5 + 2*h + 0 - q*h**3 + 1/12*h**4. Determine i(-2).
-11
Let a(s) = 23*s + 9. Let v(w) = -8*w - 3. Let k(y) = -6*a(y) - 17*v(y). Give k(-2).
1
Let k(c) = c - 3. Let i be ((-3)/(-2))/((-6)/48*3). Determine k(i).
-7
Suppose 2*c + 3*c = 5*i - 20, i - 2*c = 5. Let t(v) = -2*v - 1 + 4*v**i + 2*v**2 + 8*v**2 - 12*v**2. Let w = 0 - 1. Determine t(w).
-5
Let f(d) be the second derivative of -d**4/12 + 4*d**3/3 - d**2 - 14*d. Determine f(6).
10
Let g(d) = -2*d + 5. Let z = 18 + -21. Let a = z + 8. Calculate g(a).
-5
Let v(w) = -5*w**2 + 9*w + 17. Let g(p) = -11*p**2 + 17*p + 35. Let i(b) = -4*g(b) + 9*v(b). Give i(14).
-1
Let u(j) = -j + 2. Let l(w) = w**2 - 2*w - 2. Let v be l(3). Let k be u(v). Let c(q) be the third derivative of -q**6/30 - q**4/24 - 3*q**2. Calculate c(k).
-5
Let f(r) = 9*r + 16. Let m(n) = -4*n - 8. Let q(g) = 3*f(g) + 7*m(g). Suppose -1 = -c, -3*s + 2*c - 2 = -0*s. Give q(s).
-8
Let y(o) = o + 8. Suppose -4*z = -0*z + 24. Give y(z).
2
Let j(y) = -y + 0*y + y**2 + y. Calculate j(2).
4
Suppose 0 = -h + 2*h + 1. Let j be (3/(6/(-2)))/h. Let r(m) = -5*m**2 - 4*m + 3*m**2 + 0*m**3 - j + 6*m**2 - m**3. Calculate r(3).
-4
Let s(k) = k - k + 3 - 2*k + 0*k. Determine s(-4).
11
Let g(k) = 3*k**2 - 8*k - 9. Let x(n) = -5*n**2 + 12*n + 14. Let d(v) = 8*g(v) + 5*x(v). Give d(-3).
1
Let k = -3 + 5. Suppose 2*l = -3*n + 13 + 9, 4*n = k*l + 6. Let b(a) = l*a + 1 - 4*a - 2. Give b(3).
2
Let b(y) be the second derivative of y**8/6720 - y**7/840 - y**6/180 - y**5/30 + y**4/3 + 4*y. Let q(u) be the third derivative of b(u). What is q(4)?
-4
Let t(q) = 2*q**3 + q. Let j(n) = -n - 4. Let k be j(-3). Let m be t(k). Let u(h) = -h**3 - 4*h**2 - 2*h. What is u(m)?
-3
Let j(n) = -2*n**3 + 2*n - 3. Let r = -90 - -92. Calculate j(r).
-15
Let y(r) = -r + 2. Let n be y(5). Let w(a) = -a + 1. Let b(l) = -2*l + 7. Let g(q) = b(q) - 5*w(q). Calculate g(n).
-7
Suppose 2*k - 3 + 1 = 0. Let g(z) = 6*z + 2 - k + 2*z + 7 + z**2. Give g(-6).
-4
Let t(z) = -z**2 + 2. Let o(n) = 7. Let q(w) = -1. Let v(l) = -o(l) - 6*q(l). Let s(h) = -t(h) + v(h). Let c = 11 + -8. What is s(c)?
6
Let n = -6 - -4. Let y be 2 - n/4*2. Let u(j) = -3 + 3 + j - y - 6. Determine u(5).
-4
Let t = -4 + 6. Suppose y + 1 = t. Let q(c) = 2*c**3 - 3*c**3 - y - 7*c**3. Give q(-1).
7
Let f be -2 + -2 + (-2 - -1). Let s = -3 - f. Let j(w) = -2 + 1 + w**3 + 4*w + w**s - 6*w**2. Give j(4).
-1
Let n be (22/6 - 3)*3. Suppose 1 = -n*y - 9. Let b(i) = i + 6. Give b(y).
1
Let b(d) = d**3 + 4*d**2 - 5*d - 4. Let n be b(-4). Suppose 3*y + 35 = 5*x, -n = -0*x + x + 4*y. Let m(u) = -3 - 3*u**2 + u + 5 + x*u**2. What is m(0)?
2
Let d(u) = 35 - 15 + u - 19. Give d(0).
1
Let w(n) = 4*n**2 + 19*n - 1 - n**2 - 30*n - 4*n**2. What is w(-5)?
29
Let b(f) = 5 + 1 + 4*f - 5*f. Let n(t) be the first derivative of -t**4/4 + 5*t + 1. Let i be n(0). What is b(i)?
1
Let i(z) = 2*z - 1. Suppose 5*b - 12 = -b. What is i(b)?
3
Let n(s) = s**3 - 2*s + 1. Suppose 3*a + 3 = 0, -2*w + 2*a - 4*a + 10 = 0. Suppose 2*u - w*u = 0, -2*h = -3*u + 4. Calculate n(h).
-3
Let c(l) be the third derivative of l**6/60 + l**5/30 - l**4/12 - 3*l**2. Suppose b - 2*z + 3 = 1, 0 = -2*b + 2*z - 4. What is c(b)?
-4
Let m(n) = n**3 - 3*n**2 - 3*n - 4. Let j be m(4). Suppose j = 2*w + 15 - 5. Let h(c) = -4 - 4*c + 3*c + 0. Give h(w).
1
Let u = 21 + -19. Let a(w) be the third derivative of 0*w + 0*w**3 - 1/12*w**4 + 0 - 5*w**u. Give a(1).
-2
Let n = -169 + 171. Let t(k) = k**3 - k**2 + 2*k - 3. Determine t(n).
5
Let r(z) be the third derivative of -z**4/24 + z**3 - 2*z**2. Determine r(3).
3
Let g(q) = 5*q - 2. Let h(z) = -2*z + 1. Let k(x) = -3*g(x) - 8*h(x). Let y be k(-4). Let b(m) = -m. Determine b(y).
6
Let i(z) be the third derivative of -7*z**5/60 - z**4/24 - z**3/6 - 2*z**2 + 9. What is i(-1)?
-7
Suppose 3*t - 18 = -0*t. Let k(s) = -s**2 + 8*s - 8. What is k(t)?
4
Let h(s) = -s**3 - s**2 - s. Let x(i) = i**2 + 1. Let r(v) = h(v) + x(v). Let o = 8 - 14. Let n be 3/o - 5/(-2). Give r(n).
-9
Let h(t) = -t**2 - t - 1. Let r(k) = 1 - 4 + 4*k**2 + 8*k + 6 + 5. Let m(q) = 5*h(q) + r(q). Give m(5).
-7
Let f(l) = -21*l**3 + 2*l**2 - l. Suppose -3*x + 19 = 4*n, -n = -2*n + x - 4. What is f(n)?
-20
Suppose 1 = 4*h - 11. Suppose -22 = h*b - 5*l, 4*b + 10 = -l - 2*l. Let m be 0*(6/b + 2). Let v(j) = -j - 6. Determine v(m).
-6
Let t(l) = l + 0 + 2 + 4. Let y be 0 + -2 + 5 - 7. Give t(y).
2
Let o = -31 - -33. Let p(k) be the third derivative of -o*k**2 - 1/60*k**5 + 0 - 1/8*k**4 + 0*k + 1/3*k**3. Give p(2).
-8
Suppose -3*a + 13 = 1. Let r(g) = 3*g**2 + 5 - a*g**2 + 5*g - 2*g. Give r(4).
1
Let m(x) = x**3 - 3*x**2 + 4*x - 5. Let g(b) = -3*b**3 + 9*b**2 - 11*b + 14. Let q(f) = 6*g(f) + 17*m(f). Determine q(3).
5
Let i = -12 + 27. Let m(z) = -z**2 - 8*z - 5. Let u be m(-7). Suppose -5*a - s + 5 = -i, u*s - 7 = a. Let k(q) = -q**2 + 2*q - 4. Give k(a).
-7
Let i = -90 - -95. Let u(a) = a**2 - 8*a - 7. Give u(i).
-22
Let m(b) be the first derivative of -b**2/2 - 2*b - 17. Give m(-3).
1
Let k(x) be the first derivative of -2/3*x**3 + 3/2*x**2 + 2 + 1/12*x**4 + x. Let z(o) be the first derivative of k(o). Calculate z(2).
-1
Let j(x) be the first derivative of x + 0*x**2 + 3 + 1/4*x**4 + 1/3*x**3. Give j(-2).
-3
Let a(b) = b**3 + 3*b**2 + 3*b + 3. Suppose 31 = 4*l - 5*r, -2*l + r + 14 = -r. Suppose -l*g + 4 = -6*g. Calculate a(g).
1
Let q(s) be the second derivative of s**5/20 - 7*s**4/12 + 5*s**3/6 + s**2/2 - 5*s. Let o be q(6). Let v(t) = -t**2 - 5